ommon divisor of 70244 and 8?
4
Calculate the highest common factor of 36589 and 7.
7
Calculate the highest common divisor of 306975 and 75.
75
What is the highest common divisor of 27904 and 38150?
218
What is the highest common divisor of 1774073 and 56?
7
What is the highest common factor of 2648 and 4145444?
1324
Calculate the highest common factor of 4738 and 2472.
206
Calculate the highest common divisor of 5 and 419320.
5
Calculate the highest common factor of 245 and 24815.
35
What is the highest common divisor of 7 and 22729?
7
What is the highest common divisor of 2398272 and 48?
48
What is the highest common divisor of 132 and 25003?
11
What is the greatest common factor of 195727 and 266?
7
Calculate the greatest common divisor of 406975 and 146.
73
What is the greatest common factor of 697 and 25823?
17
Calculate the greatest common divisor of 40 and 8824.
8
Calculate the highest common factor of 6950 and 26966.
278
What is the greatest common divisor of 11 and 295229?
11
What is the greatest common divisor of 11 and 536921?
11
Calculate the highest common factor of 4023 and 1431.
27
Calculate the highest common factor of 426 and 56382.
6
Calculate the greatest common factor of 2829 and 11808.
123
Calculate the highest common factor of 1394497 and 13.
13
What is the highest common divisor of 146 and 1898?
146
What is the greatest common factor of 882 and 43757?
49
What is the highest common divisor of 111890 and 334?
334
What is the highest common divisor of 59977 and 185?
37
What is the greatest common divisor of 856 and 748786?
214
Calculate the greatest common factor of 250936 and 56.
56
What is the highest common divisor of 5286 and 2514?
6
What is the highest common factor of 6 and 361?
1
Calculate the highest common divisor of 44 and 1156408.
44
What is the highest common factor of 523 and 336289?
523
What is the greatest common factor of 2396 and 5784?
4
What is the greatest common divisor of 8515 and 104?
13
What is the greatest common factor of 17515 and 106785?
565
Calculate the greatest common divisor of 209689 and 2271.
757
What is the greatest common factor of 16500 and 308?
44
Calculate the highest common factor of 5136 and 3456.
48
What is the highest common divisor of 11196 and 9360?
36
Calculate the greatest common divisor of 10428 and 48.
12
What is the highest common divisor of 1159 and 6100?
61
What is the highest common divisor of 31 and 350641?
31
What is the greatest common divisor of 90 and 445770?
90
What is the highest common factor of 6221826 and 108?
54
Calculate the greatest common divisor of 18 and 20154.
6
Calculate the highest common factor of 3620 and 38.
2
Calculate the greatest common divisor of 192780 and 3318.
42
What is the highest common divisor of 2800 and 24?
8
What is the highest common factor of 16946 and 3071?
37
Calculate the greatest common factor of 22 and 102014.
22
What is the greatest common factor of 235386 and 54?
54
Calculate the greatest common factor of 3465 and 961884.
693
Calculate the highest common factor of 716 and 87173.
179
What is the greatest common divisor of 1400196 and 21?
21
What is the highest common divisor of 3176 and 10304?
8
Calculate the greatest common divisor of 1704967 and 1058.
529
What is the highest common factor of 976 and 9211?
61
What is the highest common divisor of 381726 and 297?
27
What is the highest common divisor of 7061678 and 78?
26
What is the greatest common factor of 246 and 5822?
82
What is the highest common divisor of 174782 and 5598?
622
What is the greatest common divisor of 142978 and 22?
22
What is the highest common divisor of 6 and 769882?
2
What is the highest common divisor of 110 and 228?
2
Calculate the highest common factor of 14 and 13274.
2
Calculate the greatest common factor of 2542 and 451.
41
What is the highest common factor of 28676 and 2782?
214
Calculate the highest common divisor of 242112 and 39.
39
What is the greatest common factor of 1 and 176762?
1
Calculate the greatest common factor of 24 and 6492.
12
What is the greatest common factor of 72 and 170073?
9
What is the greatest common divisor of 18650 and 2611?
373
What is the highest common factor of 126416 and 16?
16
What is the greatest common divisor of 2896 and 6697?
181
Calculate the highest common factor of 39 and 14482.
13
What is the greatest common divisor of 12 and 311772?
12
What is the highest common factor of 575187 and 114?
57
What is the highest common factor of 16636 and 184?
4
Calculate the highest common divisor of 536 and 8375.
67
What is the highest common factor of 28 and 406294?
14
Calculate the highest common factor of 3520 and 632.
8
What is the greatest common divisor of 30 and 4155?
15
Calculate the highest common factor of 7227555 and 15.
15
What is the greatest common divisor of 328 and 252?
4
What is the greatest common divisor of 58801 and 254?
127
Calculate the highest common divisor of 125827 and 13.
13
What is the greatest common factor of 82625 and 1250?
125
Calculate the highest common divisor of 260964 and 143.
11
Calculate the greatest common divisor of 28977 and 65.
13
What is the highest common divisor of 1559889 and 558?
279
What is the highest common divisor of 1632 and 61506?
102
Calculate the highest common factor of 1792 and 41104.
112
What is the greatest common factor of 696 and 7336?
8
What is the highest common divisor of 5940 and 260?
20
Calculate the highest common divisor of 132 and 139452.
12
Calculate the greatest common divisor of 3397 and 1975.
79
What is the highest common factor of 33115 and 296?
37
Calculate the greatest common factor of 402603 and 4006.
2003
Calculate the greatest common divisor of 219137 and 10983.
523
What is the highest common divisor of 2919 and 389061?
417
What is the highest common divisor of 87000 and 3741?
87
What is the greatest common divisor of 700 and 252?
28
Calculate the highest common divisor of 7641 and 351.
27
What is the greatest common factor of 295 and 262963?
59
What is the greatest common divisor of 219699 and 54?
27
Calculate the highest common divisor of 6600562 and 76.
38
What is the highest common divisor of 140499 and 67?
67
Calculate the greatest common divisor of 66405 and 4275.
285
Calculate the greatest common divisor of 118762 and 1497.
499
What is the greatest common divisor of 10742 and 12314?
262
Calculate the highest common factor of 49912 and 32.
8
Calculate the greatest common factor of 3171 and 1680.
21
What is the greatest common divisor of 87418 and 12832?
802
Calculate the highest common divisor of 38151 and 4553.
157
Calculate the greatest common divisor of 91452 and 168.
12
What is the highest common divisor of 258606 and 54?
54
What is the greatest common divisor of 4109 and 763?
7
Calculate the highest common divisor of 1659 and 55932.
237
What is the greatest common divisor of 26 and 81861?
13
Calculate the highest common factor of 109993 and 26.
13
What is the greatest common factor of 54604 and 561?
187
What is the greatest common divisor of 299 and 8901?
23
Calculate the greatest common factor of 1711 and 8791.
59
What is the highest common divisor of 1247441 and 13?
13
What is the highest common factor of 591 and 278755?
197
Calculate the greatest common divisor of 145044 and 1620.
108
What is the greatest common factor of 880 and 97515?
55
What is the highest common factor of 637002 and 516?
258
Calculate the highest common factor of 569389 and 353.
353
Calculate the greatest common factor of 222691 and 8776.
1097
What is the highest common divisor of 24 and 11735592?
24
Calculate the greatest common divisor of 930 and 6149780.
310
What is the greatest common divisor of 4279 and 473?
11
What is the highest common divisor of 357 and 213738?
21
Calculate the highest common divisor of 252 and 308322.
126
What is the greatest common factor of 138 and 131514?
138
What is the highest common factor of 133 and 364553?
133
What is the highest common factor of 2495411 and 3178?
227
Calculate the highest common divisor of 1064 and 95152.
152
Calculate the highest common factor of 2442 and 1302.
6
Calculate the greatest common factor of 584 and 17301.
73
What is the highest common factor of 1188 and 238491?
297
What is the highest common 